base 4
1002212200
-32113321222 (base 4) to base 11
-2143987
What is 207a0 (base 13) in base 4?
32101003
233427 (base 10) to base 7
1661355
45041325 (base 6) to base 4
11023223111
6dbc6 (base 14) to base 15
5484d
Convert -197916 (base 11) to base 4.
-1022002023
Convert -16732610 (base 8) to base 13.
-a70155
20100211211221 (base 3) to base 2
1100111001110010110010
Convert -10111111111010011000 (base 2) to base 10.
-786072
What is -689b9 (base 16) in base 14?
-b2213
Convert 150286 (base 11) to base 4.
321101200
Convert -1408a9 (base 11) to base 13.
-795c1
429c7 (base 13) to base 3
20010001101
What is -1010111011100101001101 (base 2) in base 16?
-2bb94d
What is -2438aa (base 12) in base 3?
-1002211022111
Convert 1754217 (base 9) to base 6.
33004111
Convert 4615706 (base 12) to base 4.
303113322312
Convert -12aae (base 16) to base 2.
-10010101010101110
-1c7bcb (base 14) to base 6
-33511515
Convert 23513001 (base 7) to base 12.
848063
-33246534 (base 7) to base 15
-3ba19c
1421320501 (base 6) to base 9
35713721
-2502555 (base 6) to base 2
-100000011011100111
-831491 (base 10) to base 9
-1506528
What is -e06bd6 (base 15) in base 13?
-2290560
Convert 8ed2e (base 15) to base 8.
1571063
-1232232201 (base 4) to base 14
-bb3d7
What is -16370501 (base 9) in base 11?
-4698107
Convert -64879 (base 10) to base 8.
-176557
Convert 658444 (base 9) to base 12.
16b727
What is 1232032310 (base 4) in base 7?
3560231
Convert -16017748 (base 10) to base 5.
-13100031443
What is -1902545 (base 10) in base 9?
-3518718
Convert -401004410 (base 5) to base 4.
-12001123222
-1c802 (base 16) to base 8
-344002
-1803966 (base 14) to base 6
-1101453022
What is 143171 (base 10) in base 9?
237348
11200112 (base 3) to base 15
102b
-1551f2 (base 16) to base 15
-1c8ede
What is 11436310 (base 7) in base 2?
11111000011111101011
Convert 7917135 (base 10) to base 2.
11110001100111001001111
What is 5c2d4 (base 16) in base 6?
12031540
Convert -2222031 (base 4) to base 7.
-43521
What is -4893986 (base 11) in base 2?
-100000011110000001101101
748685 (base 12) to base 10
1839557
-303000002023 (base 4) to base 8
-63000213
What is -1104007 (base 10) in base 7?
-12245452
ab6c0 (base 14) to base 2
1100101011111001000
What is 15425241 (base 7) in base 2?
101101010101101011100
What is d70d29 (base 14) in base 3?
111200000020202
Convert -12022231233 (base 4) to base 15.
-21e086
Convert -10001221222022 (base 3) to base 10.
-1632941
What is -781025 (base 11) in base 10?
-1245843
124102 (base 14) to base 3
1011210110220
What is 10633666 (base 7) in base 16?
e3c5f
-1700849 (base 12) to base 10
-4729017
What is -27ae4e (base 16) in base 15?
-3657d6
5580607 (base 9) to base 14
5833b9
-100110101000000101 (base 2) to base 7
-1226156
Convert -105222 (base 8) to base 10.
-35474
Convert -6194 (base 16) to base 4.
-12012110
What is -53a423 (base 13) in base 16?
-1dfb17
What is 7be (base 16) in base 14?
a18
What is -10110111011101110101101 (base 2) in base 11?
-3436852
What is 21222000020 (base 3) in base 9?
258006
-6739a (base 12) to base 8
-413546
What is -210002112000 (base 3) in base 6?
-12522043
-23032203 (base 5) to base 4
-302013313
Convert 1110111100110001011010 (base 2) to base 8.
16746132
Convert 16337a (base 14) to base 6.
24354212
-41513 (base 10) to base 4
-22020221
Convert -2303321 (base 5) to base 14.
-10d8a
What is 101010010011001101010100 (base 2) in base 3?
202212100212111
What is 1203311212 (base 4) in base 15?
81274
Convert 152374 (base 9) to base 11.
64381
9473289 (base 10) to base 6
535013453
What is 10400343 (base 5) in base 14?
250c3
What is -5a78331 (base 12) in base 6?
-1424430101
1026236 (base 7) to base 15
26dde
-1453b (base 15) to base 11
-4507a
What is 2011121220212 (base 3) in base 10?
1153949
What is 2c3d8 (base 16) in base 6?
3514532
Convert -102221010211 (base 3) to base 15.
-498b1
-6a3617 (base 12) to base 9
-3180681
-1266080 (base 11) to base 4
-20112210033
Convert -535405 (base 7) to base 14.
-25d3c
Convert -93aa2 (base 13) to base 16.
-40cf6
2212010202122 (base 3) to base 11
947825
-62607 (base 10) to base 11
-43046
Convert -10000000110000000 (base 2) to base 12.
-32194
Convert 2455787 (base 9) to base 10.
1336174
Convert 1c006 (base 15) to base 12.
448a3
-2214350 (base 6) to base 5
-12024122
Convert -100210221012221 (base 3) to base 4.
-103321013221
11658234 (base 9) to base 13
124ab51
2131322 (base 5) to base 3
1212000110
What is 1e1e0 (base 16) in base 4?
132013200
What is 1aca1b (base 13) in base 9?
1253550
Convert 63439 (base 14) to base 4.
322133023
Convert -c67c2 (base 15) to base 8.
-2315403
a211c (base 14) to base 16
5f2ee
Convert -2323132 (base 8) to base 13.
-191b0c
24203413 (base 6) to base 11
48115a
Convert 127755 (base 8) to base 11.
30923
17c62d (base 16) to base 9
2834228
-22210200 (base 4) to base 7
-240141
102110302 (base 4) to base 10
75058
1b3346 (base 14) to base 15
1422dc
Convert -10101110111011001101 (base 2) to base 11.
-44a348
What is 106783a (base 11) in base 7?
21615060
-1474164 (base 14) to base 12
-3404578
Convert 62351 (base 8) to base 13.
b9b2
-2110120122021 (base 3) to base 5
-313413404
Convert -4cd04 (base 14) to base 13.
-68127
What is -622416 (base 7) in base 3?
-12102010220
What is -44407 (base 8) in base 2?
-100100100000111
Convert a93d7 (base 14) to base 15.
8158d
What is -3bc0b1 (base 13) in base 15?
-1daea8
Convert 101111111100110100010 (base 2) to base 8.
5774642
Convert 38b0b8 (base 12) to base 7.
10626560
Convert -1000000111001101010100 (base 2) to base 14.
-3d5056
What is -12425 (base 6) in base 16?
-761
1614197 (base 10) to base 13
446960
-25563100 (base 7) to base 10
-2334850
-2330395 (base 10) to base 6
-121540511
What is 2abbbb (base 15) in base 9?
3786305
Convert 2bc7a (base 15) to base 12.
6985a
What is 1436905 (base 10) in base 5?
331440110
What is -eaf531 (base 16) in base 8?
-72572461
What is -6932a1 (base 11) in base 6?
-35343445
What is -20011121101 (base 3) in base 14?
-32396
Convert 366252 (base 10) to base 14.
9768c
111330103020 (base 4) to base 8
25742310
-1043130043 (base 5) to base 9
-4322035
Convert -949c6 (base 13) to base 8.
-1012400
Convert 123330320332 (base 4) to base 10.
7327294
Convert -a629b (base 12) to base 13.
-78398
What is 34423304 (base 5) in base 12?
130033
Convert 124230322 (base 5) to base 12.
259497
-534943 (base 11) to base 5
-204340023
20301001 (base 4) to base 15
a98a
-418743 (base 10) to base 15
-84113
-1011201020221 (base 3) to base 7
-5206600
What is -2c11c (base 14) in base 11?
-756a4
What is -13b26 (base 12) in base 9?
-41683
-12200032100 (base 4) to base 9
-3177545
Convert 5532105 (base 7) to base 15.
d6833
What is -24652113 (base 7) in base 5?
-1032400044
110211011022222 (base 3) to base 15
8e8c1b
1460603 (base 7) to base 16
30b9c
What is -a2145 (base 12) in base 5?
-23223023
1103132132 (base 4) to base 11
213985
What is -743772 (base 8) in base 16?
-3c7fa
143113054 (base 6) to base 4
23033333122
Convert 144401512 (base 6) to base 10.
3017492
Convert -115115 (base 7) to base 9.
-31705
1112113221 (base 4) to base 12
150889
Convert -2f96c (base 16) to base 13.
-6a952
Convert -2438055 (base 12) to base 5.
-3300342033
561206 (base 12) to base 10
1370598
What is -342487 (base 10) in base 15?
-6b727
Convert -10cb608 (base 14) to base 2.
-11110100110011110001000
-5774553 (base 8) to base 12
-6392b7
Convert 11c80c (base 16) to base 15.
180434
-536b00 (base 12) to base 6
-44131200
What is 293151 (base 10) in base 8?
1074437
What is -3c7017 (base 15) in base 7?
-33504562
-6680638 (base 11) to base 5
-10444313232
Convert -147cb1 (base 14) to base 11.
-447927
What is -111212211212 (base 4) in base 9?
-11581248
Convert 20023301 (base 4) to base 3.
1200222112
What is -132203121330 (base 4) in base 13?
-1875771
Convert -45774707 (base 8) to base 14.
-147399d
Convert 7448 (base 10) to base 7.
30500
-25030042 (base 6) to base 12
-325322
Convert 2024402 (base 6) to base 12.
48102
1303163 (base 10) to base 7
14035211
What is -37021 (base 10) in base 16?
-909d
Convert -1b9f1 (base 16) to base 4.
-123213301
Convert -111110100100000001 (base 2) to base 15.
-50ddc
Convert -122111102220 (base 3) to base 7.
-2633052
What is -212230303 (base 4) in base 9?
-261387
2003200303 (base 4) to base 3
1000100220221
Wh